j). Give q(2).
10
Let c(q) = -q**2 - q + 5. Let b be c(-4). Let l(f) = -5*f**2 - 23*f + 13. Let h(n) = 3*n**2 + 12*n - 7. Let j(w) = b*h(w) - 4*l(w). Give j(6).
9
Suppose -4*j = 10 + 10. Let x be (-20)/15 + (-22)/6. Let n(t) = -7*t**2 - 14*t - 2. Let i(h) = -11*h**2 - 21*h - 3. Let r(a) = x*i(a) + 8*n(a). Determine r(j).
9
Let s(p) be the first derivative of 3/2*p**2 - p - 47. What is s(-2)?
-7
Let g(q) = 3*q - 3. Suppose -2*l + p + 14 = -p, 0 = -l - 4*p - 8. Suppose -4*c = 5*h + 15, 0 = -l*h + 4*c - 5 - 7. Determine g(h).
-12
Let q be (-4)/(-10)*480/64. Let f(k) = k**3 - 6*k**2 - k + 4. Give f(q).
-26
Suppose -l - 48 = -51. Let w(u) be the second derivative of 0 - 4*u + u**2 + 1/6*u**l. Give w(-3).
-1
Let f(c) = 41*c + 3. Let g be ((-1)/(-1))/(7/119). Let s(a) = -14*a - 1. Let k(h) = g*s(h) + 6*f(h). Determine k(2).
17
Let f(p) = -3*p - 9 + 4*p + 9*p**2 + 15*p**2 - 25*p**2. What is f(0)?
-9
Let h = 15 + -10. Let z = 4 - -5. Let b(s) = s - 7*s - 2*s - 2 + z*s. Determine b(h).
3
Let g(q) = q**2 - 4*q + 9. Let u(p) be the third derivative of -p**6/120 + p**5/30 + 3*p**4/8 + p**3/3 + 16*p**2. Let t be u(4). Give g(t).
21
Let m = -3 - -7. Let w(i) = i**2 - 9*i + 11. Let c be w(8). Let y(a) = -c*a - 4 + 0 + m*a. What is y(4)?
0
Let v(k) be the second derivative of k**3/3 - 3*k**2/2 + 24*k. Determine v(6).
9
Let a(d) be the second derivative of -d**3/6 - 13*d**2/2 - 2*d + 281. Determine a(-6).
-7
Let m = -13 - -18. Let r(i) = i**2 + 242*i + 5. Let o(b) = -83*b - 2. Let z(l) = -3*o(l) - r(l). Calculate z(m).
11
Let l be (-12)/(-8)*(-10)/(-3). Suppose -l*p + 0 = -0. Let j(o) = -o**2 + 4 - 2*o**3 + 3*o**3 - 12 + o. What is j(p)?
-8
Let g(v) = -v**3 + 11*v**2 + v - 14. Suppose 82 + 160 = 22*x. Give g(x).
-3
Let q = 26 + -18. Let b(s) = -1 - q*s**2 + s + 19*s**2 - 8*s**2. Give b(1).
3
Let b(l) = -l**3 + 9*l**2 - 25*l + 15. Let r(g) = -g**3 + 9*g**2 - 29*g + 16. Let h(q) = -5*b(q) + 4*r(q). Give h(8).
-3
Let r(h) = 1. Let i(t) = -5*t - 7. Let l(q) = 9*q + 15. Let b(x) = 5*i(x) + 3*l(x). Let s(v) = b(v) - 8*r(v). What is s(-2)?
-2
Let l = -5 + 8. Suppose 8 = l*n - n. Let w(g) = -6*g - 13. Let y(m) = 4*m + 11. Let z(t) = -3*w(t) - 4*y(t). Calculate z(n).
3
Let a(b) = 2*b + 3. Let z be ((-18)/2)/((-1)/3*-3). Calculate a(z).
-15
Let t(h) be the first derivative of 4*h**2 - 12*h - 17. Let f be t(2). Let o(a) = -a**2 + 4*a. What is o(f)?
0
Let y(f) = -f**2. Let z(w) = w**2 - 6*w - 6. Let p(v) = -2*y(v) - z(v). Suppose -k - 4*o = -3*o - 23, 4*k - 117 = o. Suppose 0 = -7*t - k - 14. Determine p(t).
6
Suppose 5*v - 28 + 3 = 0. Let h = 1 - v. Let q(j) = j**3 + 3*j**2 - j + 3. Determine q(h).
-9
Let l(j) = j + 3. Let n be 2/(-6) + (-5)/3. Let t(c) = -c**2 + 2*c + 4. Let g be t(n). Calculate l(g).
-1
Suppose -4 = 4*m + 8, 4*h + 2*m + 34 = 0. Let l(q) = -3*q - 16. Determine l(h).
5
Suppose c = -2*c - 6, -b - c - 8 = 0. Let f(t) = 1 + 0*t**2 - 5*t - t**2 + 1. Calculate f(b).
-4
Let i be 3/(6/38) + -4. Suppose -4*r - i = -23. Let g(f) = -r + 9 + 2*f - 1. Give g(-6).
-6
Let k = 40 - 5. Let x be k*(-2)/30*-9. Let t(i) = i**3 - 3*i + 2*i**2 + x - 8 - 9. Give t(-4).
-16
Let u = 20 - 17. Suppose u = -3*a, a - 50 = -4*q - a. Let d = q - 15. Let w(p) = 4*p + 3. What is w(d)?
-5
Let w(r) = r**3 + r**2 - 3*r + 1. Let k(c) = c + 19. Suppose 4*n - 81 = 5*s, 2*s - 4*n = -7 - 23. Let t be k(s). Give w(t).
7
Let g(u) = 3*u**3 - 33*u**2 - 23*u - 45. Let z(o) = 4*o**3 - 49*o**2 - 35*o - 65. Let d(c) = 7*g(c) - 5*z(c). What is d(-13)?
-3
Let t be 34/(-9) + 10/(-45). Let b(z) = -2*z**3 + 6*z**2 + 1. Let k(g) = -g**3 + g**2 + g. Let o(w) = b(w) - 3*k(w). Calculate o(t).
-3
Let f(u) = -u**3 + 5*u**2 - 2*u + 3. Let y(d) = -d**3 + 4*d - 4. Let q be y(3). Let p = -16 - q. Suppose 2*z - 3*z + p = 0. Calculate f(z).
15
Let p(r) = -10*r**3 + 1. Let b = -21 - 0. Let l be (-12)/b + (-3)/(-7). Calculate p(l).
-9
Let d be (1 - (-20)/(-12))*-9. Let c(s) = -2*s - 8. Let i(v) = v**2 - 4*v + 3. Let l be i(2). Let o(x) = x. Let h(g) = l*c(g) - 5*o(g). Calculate h(d).
-10
Let s(x) = x**3 + 30*x**2 - 31*x - 5. Let f be s(-31). Let y(t) = -t + 8. Determine y(f).
13
Let k(v) = 2*v**2 - 44*v + 10. Let f be k(0). Let x(l) be the second derivative of -l**5/20 + 5*l**4/6 + l**2/2 + l. Calculate x(f).
1
Suppose 9 - 5 = d. Let h(t) = d - 17*t**2 + 2*t + 18*t**2 + t. Give h(-4).
8
Let i(u) be the second derivative of 13*u**5/20 - u**2/2 - 26*u - 8. Suppose 0 = z + z - 2. Calculate i(z).
12
Let o(w) = -6*w**3 - w**2 - 5*w + 21. Let i(y) = -5*y**3 - y**2 - 4*y + 18. Let c(f) = 5*i(f) - 4*o(f). Give c(0).
6
Let o(i) = -i**2 - 8*i - 4. Let a = 7 + -9. Suppose j - 3 = -11. Let s = j - a. Determine o(s).
8
Let f(v) = 4*v**2 + 2 + 6*v + 13*v + v**3 - 17*v. Let o = 73 + -76. Determine f(o).
5
Let l(o) be the second derivative of -o**5/60 + o**4/24 + 5*o**2/2 + 18*o. Let r(p) be the first derivative of l(p). Calculate r(0).
0
Let z(n) = 6*n - 22. Let j be z(4). Let f(o) = 34*o**3 - 11*o**2 + 11*o - 5. Let t(s) = 7*s**3 - 2*s**2 + 2*s - 1. Let x(p) = j*f(p) - 11*t(p). Determine x(-1).
10
Suppose 5*s - 10 = -5*l, -2*l + 6*l = -3*s + 13. Let y(h) = -l + 19*h - 3 - 20*h. Give y(-7).
-3
Let b(w) = 14*w**3 + 53*w**2 - 35. Let y(l) = 5*l**3 + 18*l**2 - 12. Let c(u) = -4*b(u) + 11*y(u). What is c(-14)?
8
Let p be 11/(-44) + 189/4. Let y = p + -52. Let d(u) = u. Calculate d(y).
-5
Let v(r) = -7*r**3 + 2*r**2 + 9*r + 3. Let y(s) = -6*s**3 + 5*s + 2. Let l(u) = 2*v(u) - 3*y(u). What is l(-2)?
-22
Let c(p) = -p + 1. Let j(u) = -u**3 + 5*u**2 + 3*u + 25. Let l be j(6). Calculate c(l).
-6
Let t(d) = 10*d**3 + d**2 + 4*d - 3. Let n(f) = -19*f**3 - 3*f**2 - 9*f + 7. Let u(i) = 3*n(i) + 7*t(i). Calculate u(1).
12
Suppose 0*p - 13 = -4*c - 3*p, 3*c = -p + 11. Suppose -5*m - 1 = -3*v - c*m, -3*v = -5*m + 19. Let h(g) = 2*g**v + 4 - 1 + 3 - g**2 + 7*g. Calculate h(-4).
-6
Let t(l) be the second derivative of -l**4/12 - 5*l**3/6 + l**2 + 63*l + 2. Calculate t(-7).
-12
Suppose -3*y = j + 1 + 2, 2*y = 3*j - 13. Let n(r) = r**2 - 9*r - 12. Let f(i) = i**2 - 8*i - 11. Let g(u) = j*n(u) - 4*f(u). Let m = 1765 - 1759. What is g(m)?
2
Let q(i) be the first derivative of 4*i**3/3 + i**2/2 - 5*i + 16. Let c(t) = t**3 - t + 1. Suppose -o = o + 2. Let h(k) = o*q(k) - c(k). Calculate h(-3).
-5
Let b(o) = -2. Let k(x) = -x**2 - x + 9. Let a(v) = 2*b(v) + k(v). What is a(-4)?
-7
Suppose 3*i - 5*h + 3 + 8 = 0, 5*i + 14 = 4*h. Let q(f) = -f + 2. Let j(t) = t - 3. Let k(v) = i*j(v) - 3*q(v). Calculate k(7).
7
Suppose -5*c - 3 = 5*m + 12, 5*c + m = -11. Let d(w) = 2*w**3 + 2*w**2 + 3*w. Give d(c).
-14
Let r = -14 + 20. Let u = -4 + r. Let l(i) = 18*i**2 + 2 - 8*i**2 - 5*i**u - 4*i. Calculate l(2).
14
Let q(m) = 8*m - 3*m**2 - 35 + 4*m**2 + 0*m**2 + 26. Determine q(-9).
0
Let r(o) = 0 + 1 + 830*o**3 - 831*o**3 + 4*o**2 - 3. Let j(k) = -5*k - 6. Let g be j(-4). Let h = -10 + g. Give r(h).
-2
Let j(p) be the second derivative of -p**4/12 - 2*p**3 + 3*p**2/2 + 160*p. What is j(-11)?
14
Let j(i) = 4*i + 75. Let r be j(-17). Let f(w) = w**2 - 7*w - 5. Give f(r).
-5
Let u be ((-1)/(-2))/(8/(-656)). Let d = u - -35. Let l(c) = 2*c**2 - 9*c - 3. Let m(z) = -z**2 + 8*z + 4. Let p(y) = 2*l(y) + 3*m(y). What is p(d)?
6
Suppose -12 = -c - 0*o - o, -c = -5*o. Let a be (-15)/c + (-30)/(-4). Let v(m) = -m + 1 - 2*m + 3. Determine v(a).
-14
Suppose p - 57 = -53. Suppose 5*u - b = -p, 0 = -b + 1 + 3. Let z(v) = -v + 4. Calculate z(u).
4
Let d(l) = l**3 + 6. Suppose -m - 12 = -3*w, -6*m - 16 = -4*m - 4*w. Calculate d(m).
6
Let r(l) = -152*l + 455. Let t be r(3). Let c(d) = 11*d**3 + d**2. Determine c(t).
-10
Let l(y) = -1 + 6*y - 10*y - 1 + 0*y + 8*y. Determine l(2).
6
Let n(h) = 5*h - 3. Let t = 11 - 19. Let b(c) = -14*c + 10. Let k(p) = t*n(p) - 3*b(p). Calculate k(4).
2
Let v(y) = y**3 - 2*y**2 - 5*y - 6. Let i(h) = h**3 - 3*h**2 - 5*h - 6. Let a(f) = -4*i(f) + 5*v(f). Determine a(-4).
-18
Suppose -2*x = -5*x, -5*g + 25 = -3*x. Let r(f) = -3*f - 8. Give r(g).
-23
Let m(j) be the first derivative of 3*j + 3/2*j**2 - 2/3*j**3 - 1. What is m(3)?
-6
Let b(q) = -2*q**2 - 5*q - 6. Let w be b(-2). Let r(h) = 5*h + 20. Let c be r(w). Let i(n) = -n**3 + n**2 + 4. What is i(c)?
4
Let j(y) be the first derivative of -y**4/4 + 10*y**3/3 - 5*y**2 + 3*y - 89. Determine j(9).
-6
Suppose 